)/((-10)/15). Let l = n + 56. Let f(p) = 2*p**3 - 2*p**2 + 2*p - 3. What is the remainder when l is divided by f(2)?
6
Let v(d) = -8*d - 11. Let z(k) = -8*k - 12. Let j(b) = -3*v(b) + 2*z(b). Let s(i) = 2*i**2 + 2*i - 3. Calculate the remainder when j(3) is divided by s(-3).
6
Suppose -3*m + 0*m = -6, -2*m = -4*c + 148. Let f = 20 + 32. Suppose 0 = -0*h - 4*h + f. Calculate the remainder when c is divided by h.
12
Suppose 519*f - 509*f = 510. What is the remainder when 1018 is divided by f?
49
Let g(n) = -4 - n - 4*n + n**2 - n. Suppose 0 = -2*k + 17 - 3. What is the remainder when 10 is divided by g(k)?
1
Suppose -2*l + 52 - 33 = 3*d, -4*d - 40 = -2*l. Calculate the remainder when 278 is divided by l.
12
Let f = 6106 - 6101. Let i = -5 - -7. What is the remainder when f is divided by i?
1
Let u(h) = h**2 + 2*h - 15. Let n be u(-5). Suppose -2*k + 21 = g, -k = 2*g - n*k - 39. What is the remainder when 55 is divided by g?
17
Suppose 209 = 14*q + 27. What is the remainder when 323 is divided by q?
11
Suppose 23*g - 407 = 168. What is the remainder when 498 is divided by g?
23
Let a(d) = d**2 + 5*d - 2. Let u be a(-6). Suppose 20 = -5*o, -5*p + u*o = -o + 2580. Calculate the remainder when 67 is divided by 2/(-6) - p/30.
16
Calculate the remainder when 2/(-9) + ((-13160)/(-36))/7 is divided by 32.
20
Let r(n) be the third derivative of 0 + 19/60*n**5 + 0*n**3 + 0*n**4 + 9*n**2 + 0*n. Calculate the remainder when 75 is divided by r(-1).
18
Let w be 12/14*(-504)/(-12). Suppose -120 + w = -4*j. What is the remainder when 83 is divided by j?
20
Let b = -440 - -446. What is the remainder when 6 is divided by b?
0
Let f(y) = 10*y**3 + 8*y**3 + 3*y**2 - 1 + 2*y - 4*y**2. Suppose 0 = 15*u + 9*u - 792. What is the remainder when u is divided by f(1)?
15
Let d be ((-6)/(-3) - -3) + -2. Suppose -w - 10 = 4*h - d, -50 = -5*w - 3*h. What is the remainder when 90 is divided by w?
12
Suppose -41*c + 32090 - 7285 = 0. Calculate the remainder when c is divided by 76.
73
Suppose 0 = 8*m - 2472 + 880. Calculate the remainder when m is divided by 40.
39
Let t(s) = -6*s**2 - 15*s - 23. Let w(o) = -7*o**2 - 15*o - 24. Let k(h) = -6*t(h) + 5*w(h). Calculate the remainder when k(-18) is divided by 15.
12
Suppose 0 = -2*k + 5*y + 142, 3*k - 91 - 143 = -3*y. Let x(p) = p**3 - 7*p**2 - 6*p + 4. What is the remainder when k is divided by x(8)?
16
Let v = -187 + 265. Suppose 3*u + 104 = 4*k, -5*k - v = -8*k - 2*u. What is the remainder when 179 is divided by k?
23
Suppose 9*a = -a + 280. Calculate the remainder when 22 is divided by (-158)/(-22) + a/(-154).
1
Let l = -835 + 1174. What is the remainder when l is divided by 57?
54
Let n(p) = 3*p - 1. Suppose -5*u + 7*u = 5*y + 177, -71 = -u - y. Calculate the remainder when u is divided by n(7).
16
Let h be (-2)/(4/106)*(-16)/16. Suppose 3*v - h = 4. Calculate the remainder when v is divided by 14.
5
Suppose 2*d + 17*d - 6615 = -26*d. Let m(o) = -o**3 + 6*o**2 - o - 3. Calculate the remainder when d is divided by m(4).
22
Let f = 12 - 8. Suppose -f*d + 6*d = -120. Let i = -39 - d. Calculate the remainder when i is divided by 11.
10
Let d(q) = 3*q**2 - 28. What is the remainder when d(-7) is divided by 30?
29
Let z = -1185 + 1203. What is the remainder when 211 is divided by z?
13
Suppose -4*t = s - 281 - 106, 5*s = 4*t - 369. Calculate the remainder when t is divided by 35.
26
Let r(d) = -d**3 + 7*d**2 - 5*d - 7. Let k be r(5). Suppose k - 63 = -5*f. Calculate the remainder when 78 is divided by f.
6
Suppose -54 = -3*i + y, 4*i - 2*y - 54 = i. Let r(d) = d + 44. Calculate the remainder when r(0) is divided by i.
8
Let k be 217/124 - (-1)/4. What is the remainder when 233 is divided by ((-9228)/(-39))/4 - k/13?
56
Let u = -35 + 42. Let c be (-16)/(-14)*u/2. What is the remainder when 24 is divided by c*1 + (-11 - -16)?
6
Suppose 48*s + 508 = 52*s. Calculate the remainder when s is divided by 35.
22
Let o = 274 + -106. Suppose -o = 3*g - 11*g. What is the remainder when 59 is divided by g?
17
Suppose 43*u = 50*u - 210. What is the remainder when 96 is divided by u?
6
Suppose 0*m - 2*m + 3*r + 76 = 0, m - 38 = -4*r. Suppose -9*v = -10*v + m. Calculate the remainder when v is divided by 10.
8
Let v = -8 + 8. Calculate the remainder when (6/(-4))/(15/(-30)) + 14 is divided by (-12)/(v - 3) + 3.
3
Let n = -197 - -411. What is the remainder when n is divided by 55?
49
Let i = -86 + 276. Let u be i/15 + 4/(-6). What is the remainder when (u/20)/((-3)/(-165)) is divided by 18?
15
Let l = 60 + -56. Let z(f) = -f**3 + 7*f**2 + 4. Let k be z(7). Suppose -l*n + 15 = 5*x, -x + 16 - 61 = -k*n. What is the remainder when 18 is divided by n?
8
Calculate the remainder when 10 is divided by (8/28)/(16/448).
2
Calculate the remainder when 10 + 1 - (1 - 4) is divided by 6.
2
Let h = -69 + 133. What is the remainder when h is divided by 11?
9
What is the remainder when ((-163)/(-2))/(56/112) is divided by 17?
10
Let t(q) = q**3 + 14*q**2 + 6*q + 20. Calculate the remainder when t(-8) is divided by 15.
11
Let o(k) = k**2 - 3*k - 14. Let p be o(-3). Suppose -p*r + 422 = 9*i - 7*i, 3*i = -2*r + 625. What is the remainder when i is divided by 21?
18
Let w = -103 - -36. Let d = w + 94. What is the remainder when d is divided by 10?
7
Suppose 17*u + 18*u - 9310 = 0. What is the remainder when u is divided by 92?
82
Suppose 2*f = -3*z - f - 12, 0 = -z + f + 2. Let l be 0 + z - (8 - -2). Calculate the remainder when 1796/44 - 2/l is divided by 14.
13
Let l = 19 + -11. Let r(d) = -2*d**2 + 16*d + 13. What is the remainder when r(7) is divided by l?
3
Suppose -7*k + 8*k = -16. Let f = 32 + k. What is the remainder when 46 is divided by f?
14
Suppose -2*t + 20 = 2*r - 6, 5*t = 4*r - 70. Let z = -1 - -7. Suppose -z = -v - 0. Calculate the remainder when r is divided by v.
3
Suppose -12*v + 14*v - 40 = 0. What is the remainder when 459 is divided by v?
19
Let n = -1419 + 1436. Calculate the remainder when 40 is divided by n.
6
Let n(k) = 29*k - 4. Suppose 0 = -h - h. Suppose 3 + h = v + u, -3*v - 4*u = -9. What is the remainder when n(v) is divided by 12?
11
Let w(n) = n**2 + 4*n + 2. Let m(i) = -3 - 30*i**2 - 21*i - 10*i - 52 + 7 - i**3. Calculate the remainder when w(-6) is divided by m(-29).
4
Suppose -2*d + 14 = -2*j, -d + 38 = 3*d - 2*j. Suppose -7*w = -405 - 421. Suppose -15*n + w = -13*n. Calculate the remainder when n is divided by d.
11
Let k = 9 - 6. Suppose k = b - 19. What is the remainder when 41 is divided by b?
19
Let k(m) = -m**2 + 16*m - 11. What is the remainder when (1 - 19)/(-3 - 150/(-54)) is divided by k(13)?
25
Let a be (-30)/((6/7)/(-3)). Suppose 0 = -5*n - 40 + a. Let z(x) = -2*x + 28. Calculate the remainder when z(n) is divided by 1.
0
Let x(m) = 4*m + 2. Let a = 204 - 121. What is the remainder when a is divided by x(3)?
13
Let c = -18 - -9. Let v be (0 - c)*(13 + -3). Suppose v = x + 2*x. What is the remainder when x is divided by 11?
8
Suppose -4*d + 21 = -3. Let n(a) = 2*a**2 + a - 1. Calculate the remainder when n(d) is divided by 26.
25
Suppose 4*w - 5*u - 85 = 0, -7*w - u = -4*w - 59. Calculate the remainder when 115 is divided by w.
15
Suppose 5*s = o + 1559, 0 = -s + 5*o - 42 + 349. What is the remainder when s is divided by 25?
12
Let n(r) = -r**2 - 10*r + 1. Let p(f) = -2*f - 12. Let x be p(9). Let k = x - -21. Calculate the remainder when 27 is divided by n(k).
7
Let c(k) = 6*k**2 - k - 6. What is the remainder when c(-3) is divided by 19?
13
Let z = 143 - 143. Suppose -2*n - 1 + 37 = z. Calculate the remainder when 71 is divided by n.
17
Let h(l) = 12*l**2 + 4*l - 13. Calculate the remainder when h(-5) is divided by 15.
12
Let o(h) = h**2 - 7*h - 82. Calculate the remainder when o(19) is divided by 15.
11
Let h(q) = 2*q**2 - q - 7. Suppose 3*z = -12, -4*z = -3*u - z + 42. Calculate the remainder when h(5) is divided by u.
8
Suppose -5*w + 210 = 5*t, 17 = 4*t + 1. Calculate the remainder when w is divided by (1024/1280)/(-2*(-1)/20).
6
Let b(k) = -k**2 - 18*k + 69. What is the remainder when 115 is divided by b(-20)?
28
Suppose 0 = 5*p + 5, -3*p - 221 = -3*j + 2*p. Calculate the remainder when 359 is divided by j.
71
Let z(y) = 55*y**2 + 6*y + 2. Calculate the remainder when 301 is divided by z(-1).
46
Let n be (12/1